 = 7*h**2 - 36*h + 37. Let l(o) = -4*f(o) - 5*j(o). Give l(-12).
15
Let n(v) = 6*v - 3. Let i(r) = 60*r + 2. Let a be i(1). Let d = a - 60. Let g be (-1)/((-65)/90 + d/9). Determine n(g).
9
Let s(u) = -8 + 2*u - 4 - 5*u. Let r = 10436 + -10441. What is s(r)?
3
Let u(l) = -2*l + 1. Let i(b) = 22 + 10 - 31. Let c(q) = -q. Let a be c(1). Let h(z) = a*u(z) - i(z). Determine h(5).
8
Let u be (((-125)/15)/(-5))/(5/45). Let l(k) = -k - 4. Calculate l(u).
-19
Suppose 2*s - 308 = -3*n, 0 = s + 2*s + 5*n - 463. Suppose -c - s = -143. Let x(z) = -z**2 - 6*z + 17. Calculate x(c).
1
Let u(i) = i**3 + 7*i**2 - 7*i + 8. Let l = 51 + -51. Suppose 5*k - 36 = 8*k - 4*q, l = -5*k + q - 43. Determine u(k).
0
Let h be (-6 - 39/(-6))/((-2)/4). Let l be (2 + (-104)/40)/(h/30). Let z(j) = -2*j + 29. What is z(l)?
-7
Let g = 336 - 318. Let t(u) = -11 + u**3 + 10*u**2 + 2*u - 3*u + g*u**3 - 18*u**3. What is t(-10)?
-1
Let t(o) = 170*o - 54. Let g(a) = -41*a + 13. Let v(d) = 17*g(d) + 4*t(d). Calculate v(-1).
22
Let t(b) = -b**2 + 2*b + 30. Let u be (-40)/70 + 840/(-245). Give t(u).
6
Let q(x) = -151 + 7*x + 55 + 66 + 39*x**2 + 47 - 38*x**2. What is q(-7)?
17
Let t(x) = -x**2 + x + 9. Let q(n) = -25*n**2 - 14*n - 12. Let o be q(-1). Let p = o - -27. Give t(p).
-3
Suppose 0 = -33*k + 31*k + 30. Let c be (-20)/k*3/(-1). Let o(x) = 4*x - 4. Let n(u) = 5*u - 5. Let l(g) = 5*n(g) - 6*o(g). Calculate l(c).
3
Let o = 2701 + -2700. Let l(g) = 10*g**2 + 2*g - 1. Determine l(o).
11
Let w = -45256 + 91393. Let l(q) = -1 + 5 + 0*q**2 + 46144*q - w*q + q**2. Give l(-5).
-6
Let i be (-170)/68*-1*(-4)/(-10). Let t(r) = -r - 3. Let m(v) = 2 - 1 + 0. Let l(j) = i*t(j) + 4*m(j). What is l(2)?
-1
Let v(p) = 95*p - 311*p + 101*p - 9*p**2 + 6 - 3 + 110*p. Give v(1).
-11
Let t(o) be the third derivative of -o**7/2520 + 23*o**5/60 + o**3/3 - o**2 - 171. Let j(r) be the third derivative of t(r). Give j(-2).
4
Let h(v) = -2*v**2 + 3*v + 7. Suppose 0 = 4*k + 5*u - 2, k - 4*u = -10. Let t(d) = d**2 - d - 4. Suppose -9*j + 91 = 136. Let a(q) = j*t(q) + k*h(q). Give a(0).
6
Let w(g) = 305*g - 277. Let p(b) = 130*b - 139. Let d(q) = 7*p(q) - 3*w(q). Give d(-27).
-7
Let w(t) be the first derivative of -2*t**3/3 - 31*t**2/2 + 15*t - 118. Let k be w(-16). Let b(l) = 8*l**3 + 2*l**2 + l. What is b(k)?
-7
Let r be (133 + -132)/((-2)/(-14)). Let d(j) = -9*j + 16. What is d(r)?
-47
Suppose -2*x - 19 = -5*k, 2*k - 2*x + 5*x = 0. Let w(n) be the second derivative of -n**4/12 + n**3/6 - n**2 + 17103*n. Give w(k).
-8
Let q be 19 - ((-24 - (-168)/8) + 19). Let k(j) be the first derivative of -j**4/4 + 4*j**3/3 + j**2/2 - 4*j + 1. Determine k(q).
8
Let k(p) = 2*p + 10. Let q be k(10). Let f(g) = 6*g + g**2 + 66 - q - 31. Calculate f(-7).
12
Let r(g) be the first derivative of -2*g**3/3 - g**2/2 - g - 4541. What is r(5)?
-56
Let q = 57 + -84. Let i be ((-140)/(-21) - 6)/((-2)/q). Let w(l) = -4*l**2 - 10 + 13 + i*l**3 - 10*l**3 + 2*l. Give w(-4).
-5
Let r(y) be the first derivative of -6*y**2 + 1/3*y**3 - 2 + 3*y. Suppose -96*n - 56*n + 21*n = -1572. Calculate r(n).
3
Let a(t) = -9*t - 263. Let w(k) = -29*k**2 + 55*k + 55. Let p be w(-1). Determine a(p).
-2
Let f = 269 + -155. Let g = f - 113. Let w(t) = -2*t - g - 4*t + 5*t. Calculate w(0).
-1
Let q be (-5)/(-1 - -2) + 107 + -99. Let k(u) be the first derivative of -1/3*u**q + u - 2*u**2 + 18. Give k(-4).
1
Suppose 117*i = 120*i + 42. Let x be (16 + i)/((-2)/(-4)). Let l(p) = -596 - x*p + 3*p + 593. What is l(-7)?
4
Let h(t) = -5*t**2 + 9*t + 20. Let z(r) = -2*r**2 + 4*r + 1. Let s(v) = h(v) - 2*z(v). Calculate s(0).
18
Let z(v) be the first derivative of -5*v**2 - 33*v + 11836. Determine z(16).
-193
Suppose -4*s + 2*u = 46, 0 = -2*s + 2*u - 6*u + 2. Suppose -7*r - 24 = 4. Let w(v) = 3*v - 8. Let f(n) = -n. Let z(b) = r*f(b) - w(b). Give z(s).
-1
Let r(s) = 7*s**2 - 9*s - 1. Let t(u) = -u**3 - 6*u**2 + 18*u + 11. Let q be t(-8). Let d(m) = 11*m**2 - 13*m - 2. Let v(l) = q*d(l) + 8*r(l). Determine v(8).
10
Let o(t) = -t**2 + 3*t + 2. Let x(c) be the first derivative of -c**2/2 - 54. Let u(g) = -o(g) - 4*x(g). Calculate u(0).
-2
Let v(t) = -t**2 + 11*t + 28. Let a be v(13). Let x be (a/4)/(1/12). Let s(c) = -3 + 7 + c - 4*c + c. Calculate s(x).
-8
Let z be 150/45 + -3 + (-176)/6. Let y(f) = 3*f**2 + 84*f - 90. Calculate y(z).
-3
Suppose -5*a = -138 + 93. Suppose -5*b + 4*z + 14 = 0, -3*b - a*z = -4*z - 38. Let x(w) = w**3 - 5*w**2 - 5*w - 3. What is x(b)?
3
Suppose -162 = -2*t + 20*t. Let g(d) be the first derivative of d**2 + 12*d - 47. Determine g(t).
-6
Let t(r) = -r + 2. Let f be t(0). Suppose v - 4*w = 53, -3*w + 309 = 5*v - w. Let c(u) = 2*u**2 - u**3 - u**2 + 59 - v. What is c(f)?
-6
Suppose -18*f = -24 - 12. Let a(x) = 16*x**2 - 1 - x + 0*x**2 + 7*x**2 - 29*x**f - x**3. Suppose -2*t + 4*t = -10. Calculate a(t).
-21
Suppose -734 = 541*o + 5758. Let j(v) be the second derivative of -v**4/12 - 2*v**3 + 4*v**2 + 3*v. Calculate j(o).
8
Let x(n) = n**3 + 4*n**2 + 2*n + 0*n + 5 + 0*n. Suppose 52*q + 12 = 2*c + 23*q + 25*q, q + 5 = 0. Calculate x(c).
-3
Let p(f) be the third derivative of f**4/24 - 2*f**3/3 + 1584*f**2. Suppose 5*d - 3*d = 14. Suppose -3*r + d*r = 0. Give p(r).
-4
Suppose q + 2*q = -21. Let w(p) = -2*p - 2*p + 5*p + 207850 - 207840 - 2*p. Determine w(q).
17
Let z(r) = 3*r**2 - 106*r + 6. Let m be z(38). Let b(v) = -157 - v**2 + m - 151 - v**3. Calculate b(0).
2
Let t = -1 - -4. Let y(g) = 9*g - 3 - 46*g + 13*g + 26*g. Give y(t).
3
Suppose -4*i = 2*h - 12, -171*i + 174*i - 14 = h. Let f(w) = -2*w - 4. Determine f(h).
0
Let d(v) = v - 4. Let l(n) = -n + 3. Let g(r) = -3*d(r) - 4*l(r). Let m(a) = -4*a**3 + 2*a + 30. Let w be m(0). Suppose 42*c = 47*c + w. What is g(c)?
-6
Suppose -20 = 5*z, -4*x + 3*z + 63 = -3*x. Let h(u) = 53*u - 4 + 7 - x*u. Let k = -6 - -3. What is h(k)?
-3
Let y(z) = 2*z + 2. Let l(t) be the second derivative of t**2/2 - 4*t. Let f be (56/(-2))/7 - -3. Let b(d) = f*y(d) + 4*l(d). Determine b(-8).
18
Let h(w) = -w**2 + 8. Let m(c) = 27*c**2 + 2*c + 1. Let i be m(-1). Let f = -23 + i. Suppose f*o = o. Give h(o).
8
Let f(l) = -18*l**3 + 1. Let t = -4683 + 4682. Determine f(t).
19
Let q(y) be the first derivative of 3*y**2/2 + 2*y - 692. Let s = -20 - -17. Calculate q(s).
-7
Let w(s) = 0 + 3 + 38*s + 12*s + 34*s - 85*s. Let f(j) = j**2 - 2*j - 3. Let o be f(4). Suppose o*y + 4 - 32 = -2*g, 0 = -2*g + 3*y + 12. Calculate w(g).
-6
Let f(j) = 25*j + 20. Let z be (-1)/(-3) - (-189)/(-567). Determine f(z).
20
Let r(z) be the first derivative of -67 - 1/2*z**2 + 3*z. Calculate r(4).
-1
Let l(i) = -2*i**2 + i. Let q be 5/(25/(-10))*1. Let r be 1*(0 - q) + -8 + 12. Suppose 21*t = 24*t - r. Calculate l(t).
-6
Let n(k) = k**3 + 7*k**2 + 5*k + 1. Suppose 14*o - 1080 = 11*o. Suppose -2*y - 4*y = -o. Suppose 0 = -8*w - 2*w - y. Calculate n(w).
7
Let l = 254 - 246. Let m(u) = -4327*u**2 + u - l - u + 4328*u**2 - 4*u. What is m(6)?
4
Let s(b) = 4*b - 4. Let h(m) = 5*m - 7. Let o(d) = 5*h(d) - 4*s(d). What is o(4)?
17
Let l(p) be the first derivative of p**3/3 - 27. Let m(i) = i**2 + 8*i + 16. Let h be m(-5). Suppose -g - 20 = 4*o, 2*o = -4*g - 9 - h. Calculate l(g).
0
Let z(n) = -29*n**2 - 8*n. Let b(d) = 111*d**2 + 33*d - 1. Let x(m) = 6*b(m) + 23*z(m). Calculate x(10).
34
Let m(r) be the second derivative of -1/6*r**3 - 4*r + 0 - 1/2*r**2. Determine m(7).
-8
Let g(a) be the third derivative of -a**7/2520 + a**6/360 + a**5/40 + 19*a**4/4 + 14*a**2 - a. Let c(y) be the second derivative of g(y). Determine c(-3).
-12
Let b(c) = -7*c + 14. Let p be (6/8)/(224/392 + (-278)/560). Determine b(p).
-56
Suppose -2*d = 2*d + p + 33, 4*d + 27 = 5*p. Let v(s) = s**2 + 4*s. Let k(b) = -909*b - 931*b + 4*b**2 + 1854*b. Let g(t) = -2*k(t) + 9*v(t). What is g(d)?
0
Let n(g) = 6*g + 91. Suppose -8*l + 5*l - 3*w = 57, 0 = 2*l + w + 34. Give n(l).
1
Suppose 0 = -0*y + 2*y. Let c be y - -30 - -1 - 2. Let p = 24 - c. Let a(f) = f**2 + 5*f - 5. What is a(p)?
-5
Let s(u) = -u**2 + 14*u - 3. Let w be (3/(-6))/(-3 - 55/(-18)). Let j(g) = -4*g**2 - 39*g - 14. Let n be j(w). What is s(n)?
10
Suppose -9295*t + 9321*t - 26 = 0. Let a(d) = 31*d**3 - d**2. What is a(t)?
30
Let v(c) = -32*c + 39*c**2 + 62*c - 34*c - 34*c**2. What is v(1)?
1
Let s(n) = n**2 + 16*n - 15. Let 